{"id":423,"date":"2025-11-15T02:40:45","date_gmt":"2025-11-15T02:40:45","guid":{"rendered":"https:\/\/soundtherapysystems.net\/?post_type=product&#038;p=423"},"modified":"2025-11-15T02:40:45","modified_gmt":"2025-11-15T02:40:45","slug":"audifonos-de-estimulacion-osea-2","status":"publish","type":"product","link":"https:\/\/soundtherapysystems.net\/?product=audifonos-de-estimulacion-osea-2","title":{"rendered":"Aud\u00edfonos de Estimulaci\u00f3n \u00d3sea"},"content":{"rendered":"<p>Estimulaci\u00f3n ac\u00fastica transcraneal para regular bioelectricidad cerebral. Bluetooth 5.0, ideal para trastornos neurol\u00f3gicos.Dise\u00f1ados para terapias de sonoterapia avanzada, estos aud\u00edfonos utilizan conducci\u00f3n \u00f3sea para transmitir vibraciones directamente al cr\u00e1neo, estimulando regiones cerebrales sin pasar por el canal auditivo. Son ideales para personas con sensibilidad auditiva, trastornos neurol\u00f3gicos o necesidades de estimulaci\u00f3n cerebral profunda. Su dise\u00f1o ergon\u00f3mico y discreto permite sesiones prolongadas sin incomodidad<\/p>\n<p><img loading=\"lazy\" decoding=\"async\" class=\"aligncenter wp-image-363 size-large\" src=\"https:\/\/soundtherapysystems.net\/wp-content\/uploads\/2025\/11\/conduccion-osea-1024x1024.jpg\" alt=\"\" width=\"1024\" height=\"1024\" srcset=\"https:\/\/soundtherapysystems.net\/wp-content\/uploads\/2025\/11\/conduccion-osea-1024x1024.jpg 1024w, https:\/\/soundtherapysystems.net\/wp-content\/uploads\/2025\/11\/conduccion-osea-300x300.jpg 300w, https:\/\/soundtherapysystems.net\/wp-content\/uploads\/2025\/11\/conduccion-osea-150x150.jpg 150w, https:\/\/soundtherapysystems.net\/wp-content\/uploads\/2025\/11\/conduccion-osea-768x768.jpg 768w, https:\/\/soundtherapysystems.net\/wp-content\/uploads\/2025\/11\/conduccion-osea-1536x1536.jpg 1536w, https:\/\/soundtherapysystems.net\/wp-content\/uploads\/2025\/11\/conduccion-osea-600x600.jpg 600w, https:\/\/soundtherapysystems.net\/wp-content\/uploads\/2025\/11\/conduccion-osea-100x100.jpg 100w, https:\/\/soundtherapysystems.net\/wp-content\/uploads\/2025\/11\/conduccion-osea.jpg 2000w\" sizes=\"auto, (max-width: 1024px) 100vw, 1024px\" \/><\/p>\n","protected":false},"excerpt":{"rendered":"<p>Estimulaci\u00f3n ac\u00fastica transcraneal para regular bioelectricidad cerebral. Bluetooth 5.0, ideal para trastornos neurol\u00f3gicos.<\/p>\n","protected":false},"featured_media":363,"comment_status":"open","ping_status":"closed","template":"","meta":[],"product_brand":[20],"product_cat":[47],"product_tag":[57,48,26],"class_list":{"0":"post-423","1":"product","2":"type-product","3":"status-publish","4":"has-post-thumbnail","6":"product_brand-sound-therapy-systems","7":"product_cat-conduccion-osea","8":"product_tag-audifonos","9":"product_tag-conduccion-osea","10":"product_tag-sonoterapia","12":"first","13":"instock","14":"shipping-taxable","15":"purchasable","16":"product-type-simple"},"yoast_head":"<!-- This site is optimized with the Yoast SEO plugin v24.5 - https:\/\/yoast.com\/wordpress\/plugins\/seo\/ -->\n<title>Aud\u00edfonos de Estimulaci\u00f3n \u00d3sea - Sound Therapy Systems<\/title>\n<meta name=\"robots\" content=\"index, follow, max-snippet:-1, max-image-preview:large, max-video-preview:-1\" \/>\n<link rel=\"canonical\" href=\"https:\/\/soundtherapysystems.net\/?product=audifonos-de-estimulacion-osea-2\" \/>\n<meta property=\"og:locale\" content=\"es_MX\" \/>\n<meta property=\"og:type\" content=\"article\" \/>\n<meta property=\"og:title\" content=\"Aud\u00edfonos de Estimulaci\u00f3n \u00d3sea - Sound Therapy Systems\" \/>\n<meta property=\"og:description\" content=\"Estimulaci\u00f3n ac\u00fastica transcraneal para regular bioelectricidad cerebral. Bluetooth 5.0, ideal para trastornos neurol\u00f3gicos.\" \/>\n<meta property=\"og:url\" content=\"https:\/\/soundtherapysystems.net\/?product=audifonos-de-estimulacion-osea-2\" \/>\n<meta property=\"og:site_name\" content=\"Sound Therapy Systems\" \/>\n<meta property=\"og:image\" content=\"https:\/\/soundtherapysystems.net\/wp-content\/uploads\/2025\/11\/conduccion-osea.jpg\" \/>\n\t<meta property=\"og:image:width\" content=\"2000\" \/>\n\t<meta property=\"og:image:height\" content=\"2000\" \/>\n\t<meta property=\"og:image:type\" content=\"image\/jpeg\" \/>\n<meta name=\"twitter:card\" content=\"summary_large_image\" \/>\n<meta name=\"twitter:label1\" content=\"Tiempo de lectura\" \/>\n\t<meta name=\"twitter:data1\" content=\"1 minuto\" \/>\n<script type=\"application\/ld+json\" class=\"yoast-schema-graph\">{\"@context\":\"https:\/\/schema.org\",\"@graph\":[{\"@type\":\"WebPage\",\"@id\":\"https:\/\/soundtherapysystems.net\/?product=audifonos-de-estimulacion-osea-2\",\"url\":\"https:\/\/soundtherapysystems.net\/?product=audifonos-de-estimulacion-osea-2\",\"name\":\"Aud\u00edfonos de Estimulaci\u00f3n \u00d3sea - Sound Therapy Systems\",\"isPartOf\":{\"@id\":\"https:\/\/soundtherapysystems.net\/#website\"},\"primaryImageOfPage\":{\"@id\":\"https:\/\/soundtherapysystems.net\/?product=audifonos-de-estimulacion-osea-2#primaryimage\"},\"image\":{\"@id\":\"https:\/\/soundtherapysystems.net\/?product=audifonos-de-estimulacion-osea-2#primaryimage\"},\"thumbnailUrl\":\"https:\/\/soundtherapysystems.net\/wp-content\/uploads\/2025\/11\/conduccion-osea.jpg\",\"datePublished\":\"2025-11-15T02:40:45+00:00\",\"breadcrumb\":{\"@id\":\"https:\/\/soundtherapysystems.net\/?product=audifonos-de-estimulacion-osea-2#breadcrumb\"},\"inLanguage\":\"es\",\"potentialAction\":[{\"@type\":\"ReadAction\",\"target\":[\"https:\/\/soundtherapysystems.net\/?product=audifonos-de-estimulacion-osea-2\"]}]},{\"@type\":\"ImageObject\",\"inLanguage\":\"es\",\"@id\":\"https:\/\/soundtherapysystems.net\/?product=audifonos-de-estimulacion-osea-2#primaryimage\",\"url\":\"https:\/\/soundtherapysystems.net\/wp-content\/uploads\/2025\/11\/conduccion-osea.jpg\",\"contentUrl\":\"https:\/\/soundtherapysystems.net\/wp-content\/uploads\/2025\/11\/conduccion-osea.jpg\",\"width\":2000,\"height\":2000},{\"@type\":\"BreadcrumbList\",\"@id\":\"https:\/\/soundtherapysystems.net\/?product=audifonos-de-estimulacion-osea-2#breadcrumb\",\"itemListElement\":[{\"@type\":\"ListItem\",\"position\":1,\"name\":\"Inicio\",\"item\":\"https:\/\/soundtherapysystems.net\/\"},{\"@type\":\"ListItem\",\"position\":2,\"name\":\"Tienda\",\"item\":\"https:\/\/soundtherapysystems.net\/\"},{\"@type\":\"ListItem\",\"position\":3,\"name\":\"Aud\u00edfonos de Estimulaci\u00f3n \u00d3sea\"}]},{\"@type\":\"WebSite\",\"@id\":\"https:\/\/soundtherapysystems.net\/#website\",\"url\":\"https:\/\/soundtherapysystems.net\/\",\"name\":\"Sound Therapy Systems\",\"description\":\"Equipos Especializados en Sonoterapia \u2013 The Healing Sound\",\"publisher\":{\"@id\":\"https:\/\/soundtherapysystems.net\/#organization\"},\"potentialAction\":[{\"@type\":\"SearchAction\",\"target\":{\"@type\":\"EntryPoint\",\"urlTemplate\":\"https:\/\/soundtherapysystems.net\/?s={search_term_string}\"},\"query-input\":{\"@type\":\"PropertyValueSpecification\",\"valueRequired\":true,\"valueName\":\"search_term_string\"}}],\"inLanguage\":\"es\"},{\"@type\":\"Organization\",\"@id\":\"https:\/\/soundtherapysystems.net\/#organization\",\"name\":\"Sound Therapy Systems\",\"url\":\"https:\/\/soundtherapysystems.net\/\",\"logo\":{\"@type\":\"ImageObject\",\"inLanguage\":\"es\",\"@id\":\"https:\/\/soundtherapysystems.net\/#\/schema\/logo\/image\/\",\"url\":\"https:\/\/soundtherapysystems.net\/wp-content\/uploads\/2025\/03\/cropped-logo-large.png\",\"contentUrl\":\"https:\/\/soundtherapysystems.net\/wp-content\/uploads\/2025\/03\/cropped-logo-large.png\",\"width\":963,\"height\":287,\"caption\":\"Sound Therapy Systems\"},\"image\":{\"@id\":\"https:\/\/soundtherapysystems.net\/#\/schema\/logo\/image\/\"}}]}<\/script>\n<!-- \/ Yoast SEO plugin. -->","yoast_head_json":{"title":"Aud\u00edfonos de Estimulaci\u00f3n \u00d3sea - Sound Therapy Systems","robots":{"index":"index","follow":"follow","max-snippet":"max-snippet:-1","max-image-preview":"max-image-preview:large","max-video-preview":"max-video-preview:-1"},"canonical":"https:\/\/soundtherapysystems.net\/?product=audifonos-de-estimulacion-osea-2","og_locale":"es_MX","og_type":"article","og_title":"Aud\u00edfonos de Estimulaci\u00f3n \u00d3sea - Sound Therapy Systems","og_description":"Estimulaci\u00f3n ac\u00fastica transcraneal para regular bioelectricidad cerebral. Bluetooth 5.0, ideal para trastornos neurol\u00f3gicos.","og_url":"https:\/\/soundtherapysystems.net\/?product=audifonos-de-estimulacion-osea-2","og_site_name":"Sound Therapy Systems","og_image":[{"width":2000,"height":2000,"url":"https:\/\/soundtherapysystems.net\/wp-content\/uploads\/2025\/11\/conduccion-osea.jpg","type":"image\/jpeg"}],"twitter_card":"summary_large_image","twitter_misc":{"Tiempo de lectura":"1 minuto"},"schema":{"@context":"https:\/\/schema.org","@graph":[{"@type":"WebPage","@id":"https:\/\/soundtherapysystems.net\/?product=audifonos-de-estimulacion-osea-2","url":"https:\/\/soundtherapysystems.net\/?product=audifonos-de-estimulacion-osea-2","name":"Aud\u00edfonos de Estimulaci\u00f3n \u00d3sea - Sound Therapy Systems","isPartOf":{"@id":"https:\/\/soundtherapysystems.net\/#website"},"primaryImageOfPage":{"@id":"https:\/\/soundtherapysystems.net\/?product=audifonos-de-estimulacion-osea-2#primaryimage"},"image":{"@id":"https:\/\/soundtherapysystems.net\/?product=audifonos-de-estimulacion-osea-2#primaryimage"},"thumbnailUrl":"https:\/\/soundtherapysystems.net\/wp-content\/uploads\/2025\/11\/conduccion-osea.jpg","datePublished":"2025-11-15T02:40:45+00:00","breadcrumb":{"@id":"https:\/\/soundtherapysystems.net\/?product=audifonos-de-estimulacion-osea-2#breadcrumb"},"inLanguage":"es","potentialAction":[{"@type":"ReadAction","target":["https:\/\/soundtherapysystems.net\/?product=audifonos-de-estimulacion-osea-2"]}]},{"@type":"ImageObject","inLanguage":"es","@id":"https:\/\/soundtherapysystems.net\/?product=audifonos-de-estimulacion-osea-2#primaryimage","url":"https:\/\/soundtherapysystems.net\/wp-content\/uploads\/2025\/11\/conduccion-osea.jpg","contentUrl":"https:\/\/soundtherapysystems.net\/wp-content\/uploads\/2025\/11\/conduccion-osea.jpg","width":2000,"height":2000},{"@type":"BreadcrumbList","@id":"https:\/\/soundtherapysystems.net\/?product=audifonos-de-estimulacion-osea-2#breadcrumb","itemListElement":[{"@type":"ListItem","position":1,"name":"Inicio","item":"https:\/\/soundtherapysystems.net\/"},{"@type":"ListItem","position":2,"name":"Tienda","item":"https:\/\/soundtherapysystems.net\/"},{"@type":"ListItem","position":3,"name":"Aud\u00edfonos de Estimulaci\u00f3n \u00d3sea"}]},{"@type":"WebSite","@id":"https:\/\/soundtherapysystems.net\/#website","url":"https:\/\/soundtherapysystems.net\/","name":"Sound Therapy Systems","description":"Equipos Especializados en Sonoterapia \u2013 The Healing Sound","publisher":{"@id":"https:\/\/soundtherapysystems.net\/#organization"},"potentialAction":[{"@type":"SearchAction","target":{"@type":"EntryPoint","urlTemplate":"https:\/\/soundtherapysystems.net\/?s={search_term_string}"},"query-input":{"@type":"PropertyValueSpecification","valueRequired":true,"valueName":"search_term_string"}}],"inLanguage":"es"},{"@type":"Organization","@id":"https:\/\/soundtherapysystems.net\/#organization","name":"Sound Therapy Systems","url":"https:\/\/soundtherapysystems.net\/","logo":{"@type":"ImageObject","inLanguage":"es","@id":"https:\/\/soundtherapysystems.net\/#\/schema\/logo\/image\/","url":"https:\/\/soundtherapysystems.net\/wp-content\/uploads\/2025\/03\/cropped-logo-large.png","contentUrl":"https:\/\/soundtherapysystems.net\/wp-content\/uploads\/2025\/03\/cropped-logo-large.png","width":963,"height":287,"caption":"Sound Therapy Systems"},"image":{"@id":"https:\/\/soundtherapysystems.net\/#\/schema\/logo\/image\/"}}]}},"jetpack_sharing_enabled":true,"_links":{"self":[{"href":"https:\/\/soundtherapysystems.net\/index.php?rest_route=\/wp\/v2\/product\/423","targetHints":{"allow":["GET"]}}],"collection":[{"href":"https:\/\/soundtherapysystems.net\/index.php?rest_route=\/wp\/v2\/product"}],"about":[{"href":"https:\/\/soundtherapysystems.net\/index.php?rest_route=\/wp\/v2\/types\/product"}],"replies":[{"embeddable":true,"href":"https:\/\/soundtherapysystems.net\/index.php?rest_route=%2Fwp%2Fv2%2Fcomments&post=423"}],"wp:featuredmedia":[{"embeddable":true,"href":"https:\/\/soundtherapysystems.net\/index.php?rest_route=\/wp\/v2\/media\/363"}],"wp:attachment":[{"href":"https:\/\/soundtherapysystems.net\/index.php?rest_route=%2Fwp%2Fv2%2Fmedia&parent=423"}],"wp:term":[{"taxonomy":"product_brand","embeddable":true,"href":"https:\/\/soundtherapysystems.net\/index.php?rest_route=%2Fwp%2Fv2%2Fproduct_brand&post=423"},{"taxonomy":"product_cat","embeddable":true,"href":"https:\/\/soundtherapysystems.net\/index.php?rest_route=%2Fwp%2Fv2%2Fproduct_cat&post=423"},{"taxonomy":"product_tag","embeddable":true,"href":"https:\/\/soundtherapysystems.net\/index.php?rest_route=%2Fwp%2Fv2%2Fproduct_tag&post=423"}],"curies":[{"name":"wp","href":"https:\/\/api.w.org\/{rel}","templated":true}]}}